ivisor of 365628 and 36.
12
What is the greatest common factor of 170 and 21675?
85
Calculate the highest common factor of 525 and 3550.
25
Calculate the greatest common factor of 107888 and 1606.
22
What is the highest common divisor of 729348 and 108?
12
What is the greatest common factor of 423050 and 200?
50
What is the greatest common factor of 547836 and 9372?
852
Calculate the greatest common factor of 10112 and 656.
16
Calculate the greatest common divisor of 667 and 7047.
29
What is the highest common divisor of 305334 and 30?
6
Calculate the highest common factor of 6759 and 153.
9
Calculate the highest common factor of 3905 and 220.
55
Calculate the greatest common factor of 229 and 1279.
1
What is the greatest common factor of 13 and 218192?
13
What is the highest common divisor of 338 and 5629?
13
Calculate the greatest common factor of 12121 and 51.
17
Calculate the highest common divisor of 38550 and 16962.
1542
Calculate the highest common divisor of 228248 and 5768.
824
Calculate the highest common divisor of 14 and 263158.
14
What is the highest common factor of 126 and 660144?
6
What is the greatest common divisor of 530 and 26520140?
530
What is the greatest common divisor of 1587 and 18975?
69
What is the greatest common divisor of 4396 and 48?
4
What is the highest common factor of 6 and 123498?
6
What is the highest common divisor of 3602997 and 306?
153
What is the greatest common divisor of 10850 and 1302?
434
What is the greatest common divisor of 7298 and 2050?
82
Calculate the highest common factor of 30001 and 171.
19
What is the highest common divisor of 60 and 4128?
12
Calculate the highest common divisor of 24723 and 124722.
369
Calculate the highest common factor of 2340 and 17460.
180
What is the greatest common divisor of 221 and 13507?
13
Calculate the highest common factor of 8618 and 9174.
278
Calculate the greatest common factor of 52729 and 201.
67
What is the highest common divisor of 183300 and 540?
60
What is the highest common factor of 83381 and 4190?
419
What is the greatest common divisor of 5282 and 13483?
139
What is the highest common divisor of 4238 and 221?
13
What is the highest common factor of 758446 and 372?
62
What is the greatest common divisor of 2224 and 256?
16
What is the highest common divisor of 77 and 586509?
77
Calculate the greatest common divisor of 18 and 427374.
18
What is the highest common factor of 811437 and 330?
33
Calculate the highest common factor of 3689 and 851632.
527
What is the greatest common factor of 160995 and 15?
15
Calculate the greatest common divisor of 153382 and 106.
106
Calculate the greatest common divisor of 2155 and 20823765.
2155
Calculate the greatest common factor of 2409 and 1095.
219
Calculate the highest common factor of 190938 and 363.
363
Calculate the greatest common divisor of 68856 and 192.
24
Calculate the highest common factor of 211494 and 1212.
606
What is the greatest common divisor of 30 and 16818?
6
What is the highest common factor of 79866 and 2550?
102
What is the greatest common factor of 1040 and 56784?
208
Calculate the greatest common divisor of 1042 and 7817605.
521
What is the highest common divisor of 3112493 and 62?
31
Calculate the highest common divisor of 3073660 and 40.
20
Calculate the greatest common factor of 603 and 259223.
67
What is the highest common factor of 4444 and 2948?
44
What is the greatest common divisor of 200399 and 23?
23
Calculate the highest common factor of 39611 and 554.
277
What is the greatest common factor of 2552 and 192995?
319
What is the highest common factor of 146 and 1604029?
73
Calculate the greatest common factor of 43054 and 58729.
209
Calculate the highest common divisor of 33568 and 32.
32
Calculate the highest common factor of 628 and 52.
4
What is the highest common divisor of 1207009 and 261?
29
What is the greatest common divisor of 3450 and 4692?
138
What is the highest common divisor of 14 and 8050994?
14
What is the highest common factor of 101761 and 58?
29
Calculate the highest common divisor of 2856 and 16660.
476
Calculate the highest common divisor of 35676 and 180.
36
Calculate the greatest common factor of 2688 and 32928.
672
Calculate the greatest common divisor of 8057 and 14.
7
What is the greatest common factor of 45612 and 2520?
252
What is the greatest common divisor of 9884 and 12?
4
What is the greatest common divisor of 47184 and 3504?
48
What is the greatest common factor of 260 and 728780?
260
What is the highest common divisor of 64093 and 1605?
107
What is the highest common divisor of 1929 and 33?
3
Calculate the highest common divisor of 5372409 and 1589.
1589
What is the greatest common factor of 70847 and 406?
203
What is the greatest common factor of 227586 and 3486?
498
Calculate the greatest common factor of 18 and 4078.
2
What is the greatest common divisor of 41 and 1?
1
Calculate the highest common factor of 711 and 11079.
9
What is the highest common factor of 204 and 33728?
68
Calculate the greatest common factor of 1863 and 7209.
81
What is the highest common divisor of 2327 and 9178?
13
What is the highest common factor of 4674672 and 32?
16
Calculate the highest common divisor of 2180 and 22360.
20
Calculate the greatest common factor of 9926 and 980.
14
Calculate the greatest common divisor of 22419 and 424.
53
Calculate the greatest common factor of 92 and 5552.
4
Calculate the greatest common divisor of 938 and 56.
14
Calculate the highest common divisor of 885 and 66021.
177
What is the highest common factor of 402752 and 22134?
434
Calculate the greatest common factor of 18330 and 3380.
130
What is the highest common factor of 35560 and 3864?
56
Calculate the highest common divisor of 810 and 170.
10
Calculate the greatest common divisor of 473 and 2408043.
473
Calculate the greatest common factor of 1309 and 1122.
187
What is the greatest common factor of 504 and 128856?
168
Calculate the greatest common factor of 1036 and 2910383.
259
Calculate the greatest common factor of 16907 and 27984.
583
Calculate the highest common factor of 870 and 75342.
174
What is the greatest common factor of 15015 and 902330?
715
Calculate the highest common factor of 83139 and 851.
37
Calculate the highest common factor of 780 and 415935.
195
Calculate the highest common factor of 179487 and 1036.
259
What is the greatest common divisor of 9330 and 1410?
30
Calculate the greatest common factor of 31445 and 95.
95
What is the highest common divisor of 110 and 302885?
55
Calculate the highest common factor of 299 and 86664.
23
What is the highest common divisor of 70 and 2514820?
70
What is the highest common divisor of 48 and 2070372?
12
What is the highest common factor of 56 and 145096?
56
Calculate the greatest common divisor of 1064592 and 3.
3
What is the greatest common factor of 230 and 32?
2
Calculate the greatest common factor of 33 and 3420.
3
Calculate the highest common divisor of 2283778 and 56.
14
Calculate the greatest common divisor of 2576472 and 372.
372
What is the highest common divisor of 4970 and 17990?
70
What is the greatest common divisor of 1732815 and 105?
105
Calculate the greatest common factor of 216 and 2138.
2
Calculate the highest common divisor of 36597 and 407.
11
What is the greatest common factor of 260 and 40160?
20
What is the highest common factor of 961055 and 2740?
685
What is the greatest common factor of 4297 and 5?
1
What is the highest common factor of 24 and 967000?
8
Calculate the greatest common divisor of 108 and 255816.
36
What is the greatest common divisor of 1 and 175634?
1
What is the highest common factor of 484 and 60236?
44
Calculate the greatest common factor of 2688 and 70272.
384
Calculate the highest common divisor of 5564 and 535.
107
Calculate the greatest common divisor of 3006 and 34402.
334
What is the highest common divisor of 1385 and 1476687?
277
Calculate the highest common factor of 8856 and 1148.
164
What is the highest common factor of 27938 and 21984?
458
Calculate the highest common divisor of 336636 and 162.
162
What is the highest common factor of 1110 and 4065?
15
Calculate the highest common divisor of 144 and 116736.
48
What is the greatest common factor of 1665 and